e -13*s = -12*s + 3*o + 3, 4*o = 2*s + 16. Let u be (-66)/12 - (3 + 15/s). Let x(m) = 6 - m - 6. Calculate x(u).
6
Let f be (-3)/4 + (450/(-40) - -5). Let a(u) be the first derivative of u**3/3 + 7*u**2/2 - 9*u - 21. Determine a(f).
-9
Let u(b) = b**3 + 8*b**2 + 9*b + 7. Let y be u(-7). Suppose 16 = -2*p + 6*p. Let j(a) = -p*a**3 + 3*a**3 + 0*a**3 - 2 - 6*a**2 + 7*a. Give j(y).
-2
Let y = -18 - -12. Let t(l) = l**3 + 5*l**2 - 4*l + 7. Let p be t(y). Let o(c) = 1579*c + 1579*c - 5 - 3160*c. Give o(p).
5
Let b(v) = v**2 + 17*v - 9. Let c = 2054 + -2072. What is b(c)?
9
Let s = -36 - -38. Let u(h) be the first derivative of 12*h + h**2 - 9 + 0*h**s - 14*h. What is u(2)?
2
Let v(t) be the third derivative of 5/24*t**4 - 40*t**2 + 0*t + 0 - 2/3*t**3 - 1/60*t**5. What is v(5)?
-4
Let x(s) = -2*s**3 + 17*s**2 - 31*s + 7. Let w be x(6). Let p(r) = -1226*r**3 + w + 8*r + 1227*r**3 - 9 - 7*r**2. Calculate p(6).
4
Let i(c) be the first derivative of -c**6/120 - c**5/60 + 7*c**3/6 + c**2 - 76*c + 80. Let m(l) be the second derivative of i(l). Give m(0).
7
Let j(h) be the third derivative of -h**6/120 + h**5/10 - h**4/4 + h**3/3 + h**2 - 388*h. Let u be 1*(-1 + 3) - -3. What is j(u)?
-3
Let a(c) = -5*c - 13. Let v = 144 + -84. Let j = -55 + v. Let l(n) = -8*n - 25. Let g(y) = j*a(y) - 3*l(y). What is g(10)?
0
Let y(t) = -t + 2. Suppose -3*d - 88 = -772. Suppose -223 = -l - d. What is y(l)?
7
Let t(i) = 112*i - 3583. Let d be t(32). Let m(c) = -6*c**3 + 3*c**2 - 3*c + 1. Give m(d).
-5
Let f(s) be the first derivative of 2*s**2 + 2*s**3 - 5*s - 63 + 1/4*s**4. Calculate f(-4).
11
Let a(q) = 9*q**3 - 7*q**2 + 4*q + 3. Let n(y) = 2*y**3 - y**2 + y. Let c(k) = a(k) - 4*n(k). Suppose 0*l - l = 3*s - 7, s - 7 = 2*l. What is c(s)?
3
Let w(p) = p**2 + 60*p + 772. Let n be w(-18). Let t(r) be the second derivative of 0*r**2 + 0 + 3/2*r**3 - n*r. What is t(-1)?
-9
Let q(z) = -4*z + z**2 + 1184 + 7*z - 1186 - z. Let c(h) = 6*h**2 + 2*h - 1. Let f be c(1). Suppose -13 - f = 5*a. Determine q(a).
6
Let h(q) = -191*q + 9. Let n(l) = -170*l + 8. Let y(f) = -7*h(f) + 8*n(f). What is y(-3)?
70
Let u(x) = -29*x + 8*x - 2 + 4*x + 4*x + 16*x. Let q(i) = -i**3 + 3*i**2 + 3*i + 2. Let a be q(4). What is u(a)?
-8
Let x(c) = 30*c. Let z(m) = -m**3 - 8*m**2 + 86*m + 25. Let l be z(-14). Let w be (-1)/2 + (-6)/4. Let b be l + (-12)/(-1 + w). Give x(b).
30
Let r(l) = -21*l + 241. Suppose -42*t + 40*t = -5*x + 67, -2*t = -2*x + 34. What is r(x)?
10
Let h(o) = -3 - 3*o**2 + 40*o - 25*o + o**2 + 5. Let c be h(5). Let j(u) = 36 + 2*u**2 - c + u**3 - 9*u - 9*u**2. Give j(8).
1
Let h = 945 + -951. Let t(u) be the third derivative of u**6/120 + u**5/12 - u**4/3 - 7*u**3/6 - 14*u**2. Determine t(h).
5
Let b(s) be the third derivative of 161*s**2 + 2 + 0*s - 1/12*s**4 - 2/3*s**3. What is b(-8)?
12
Let p(o) = -o**3 + 39*o**2 + 2*o - 78. Suppose -10*m - 15*m + 819 = -4*m. Determine p(m).
0
Suppose -53*p = -49*p - 20. Let s(t) = -7*t**3 + 2*t**2 - 2*t + 8. Let l(k) = -12*k**3 + 3*k**2 - 3*k + 17. Let z(m) = p*s(m) - 3*l(m). Calculate z(0).
-11
Suppose -480*l + 484*l - 4*r - 52 = 0, l = 3*r + 7. Let t(x) = x**3 - 16*x**2 + 4*x - 1. Calculate t(l).
63
Let w(z) = -2*z**3 - 9*z**2 + 12*z + 2. Let b(i) = 5*i**3 + 27*i**2 - 35*i - 7. Let t(g) = -3*b(g) - 8*w(g). Calculate t(7).
-30
Let a(o) = -o**3 - 7*o**2 + o + 1. Let u = -268 - -298. Suppose u*j = 23*j - 49. Calculate a(j).
-6
Let o(a) be the second derivative of -a**3 - 2*a**2 - a - 821. Calculate o(0).
-4
Let z(m) = -3*m**2 - 35*m + 19. Let y(i) = i**2 + 11*i - 6. Let c(q) = 19*y(q) + 6*z(q). Calculate c(2).
2
Let y = 68 + -72. Let l be (6/y)/((-4)/8). Let i(o) = 38*o + 3*o**3 - 1 - 43*o - 4*o**l - 5*o**2. Calculate i(-4).
3
Let y(t) = 2*t + 1. Suppose -4*w - w = -2*l - 499, -w = 2*l + 529. Let p = 254 + l. What is y(p)?
-15
Let w(d) be the third derivative of -d**6/120 + 31*d**5/60 + 31*d**4/24 + 17*d**3/3 - 2*d**2 + 11*d. Give w(32).
2
Let a(j) = -j + 5. Let x(d) = -d**2 + 7*d + 36. Let m = -379 - -389. Let h be x(m). What is a(h)?
-1
Let i(p) = -60*p**2 - 32*p - 38. Let a(f) = 11*f**2 + 6*f + 6. Let s(z) = 11*a(z) + 2*i(z). Suppose -d - 5 = -0*d. Calculate s(d).
5
Let m(i) = 7*i + 1. Let r(x) = 11*x + 2. Suppose 112 - 110 = h. Let w(b) = h*r(b) - 3*m(b). Let t = -3 - -2. Give w(t).
0
Let o(f) = f**3 - 28*f**2 + 100*f - 87. Let w be o(24). Let l(t) = t**3 - 11*t**2 + 16*t + 9. Give l(w).
-9
Let t(a) = -6*a - 3. Suppose -5*n = -149 - 276. Let z = n - 88. Calculate t(z).
15
Let h(p) be the first derivative of -37 + 7/2*p**2 - 4*p. What is h(3)?
17
Let k(g) = 39*g**2 + 4*g + 3. Suppose 4*x = 4*d + 16, 397 - 405 = -d - 3*x. Determine k(d).
38
Let r be (-8)/(-6)*(-1)/(-4)*15. Suppose 0 = 5*w - 3*a + 10, 0*w + r*w + 40 = -3*a. Let l(x) = -x - 6. Calculate l(w).
-1
Let a(q) = q**3 + 7*q**2 + 4*q - 2. Let r(p) = -27 + 3*p - 14 - 6 - 6*p. Let t be r(-20). Suppose 1 = 2*l + t. Calculate a(l).
10
Let t(m) be the third derivative of m**6/60 + m**5/5 + 2*m**4/3 - m**3/3 - 4307*m**2. Determine t(-3).
4
Let g(a) = -a**3 + 8*a**2 - a + 9. Let w be g(8). Let s(h) be the first derivative of 2/3*h**3 - h**2 - 39 + h + 19/4*h**4. Give s(w).
20
Let y(s) = 5*s + 6. Let t(l) = -9*l - 12. Let i be 1/(-3)*(-9 + 9) + -4. Let f(g) = i*t(g) - 7*y(g). Give f(0).
6
Let w(u) be the first derivative of -5*u + 5/2*u**2 + 108. Determine w(7).
30
Let j be (-9)/6*-6 + 0. Let d(q) = 2*q - 7. Let n be d(2). Let l(v) = 4*v - 7. Let f(y) = 7*y - 16. Let k(r) = n*f(r) + 5*l(r). What is k(j)?
4
Let a(b) = -b**2 + 14*b - 15. Let o(i) = i**2 - 5*i - 103. Let x be o(-8). Let g(q) = 13*q**2 - q + 1. Let n be g(x). Calculate a(n).
-2
Let j be (2/(24/15))/(534/(-27768)). Let i(x) = 2*x**3 + 130*x**2 + x + 60. Calculate i(j).
-5
Let d(s) = -2*s**2 + 6*s + 7. Let g = 363 + -377. Let w(q) = -q**3 - 14*q**2 + q + 19. Let v be w(g). Give d(v).
-13
Let h(w) = -w**2 + 9. Let n = 19 - -402. Suppose 417*u = n*u. Calculate h(u).
9
Let u(q) = 2*q - 9. Let n(s) = -3*s - 13. Let h(i) = n(i) - u(i). Suppose 3*r = 5*l + 35, l - 3*r + 22 - 3 = 0. Determine h(l).
16
Let z(c) = c**2 + c - 15. Let j be ((8/72)/((-4)/(-18)))/(5/(-70)). Give z(j).
27
Suppose 0 = -9*d - 59 + 23. Let w(f) = f**3 + 4*f**2 - 7*f - 5. Determine w(d).
23
Let q(g) = 9*g - 65. Let z be q(13). Let t(i) = -54 + z + 5*i**2 + i + 0*i + i. Calculate t(1).
5
Suppose -s - 955 = 5*y + 3*s, 955 = -5*y + 2*s. Let b = 189 + y. Let f(z) = -3*z**2 - 3*z - 3. Give f(b).
-9
Let l(a) = 4*a - 5. Let t be l(7). Let k = 28 - t. Suppose 6*d = d - k. Let b(o) = -6*o + 1. What is b(d)?
7
Let i(n) = n**2 - 2*n - 17. Let q be i(8). Suppose 9 = 28*l - q*l. Let w(u) = 0*u - u - 8 - 8 + 12. What is w(l)?
-1
Let c(u) = -2156*u - 2162*u - 3 + 4319*u. Let s(d) = d + 1. Let y be s(-1). Calculate c(y).
-3
Suppose 4*p + 108 = 372. Let c = p + -70. Let x(w) = w**2 + 2*w - 1. Give x(c).
7
Suppose -5*d - 5*h = -65, 43 = 3*d + 23*h - 22*h. Suppose 6*m = 11*m - d. Let j(c) = c**2 + 5*c - 3. What is j(m)?
21
Let o(t) = t**3 - 3*t**2 + 2*t + 2. Suppose 5*f - 2*r = 3*r + 605, -2*r + 605 = 5*f. Let b = f + -266. Let g = b - -147. Give o(g).
2
Let z(u) = -2*u - 6. Let n(x) = x**3 - 15*x**2 - 21*x - 17. Let p(t) = -t**2. Let j(k) = -n(k) - 6*p(k). Let c be j(22). What is z(c)?
4
Let g(r) = 6*r**2 - r. Let f be (-3 + 11/(-33))*(-6)/(-4). Let y be 6 + f + (-7 - -5). Calculate g(y).
7
Let c(s) = 4*s + 63. Let p = 3952 + -3968. Give c(p).
-1
Suppose 5*c = c. Suppose 0*x + 4*x - 8 = 0. Let y(u) = -40*u**3 + 7 + 10*u**3 + 31*u**3 + x*u**2 - u**2 + u. Calculate y(c).
7
Let t(s) = -116*s + 112. Let p(q) = -8*q + 2. Let w(k) = -16*p(k) + t(k). Determine w(-7).
-4
Let h(p) = 3*p - 2. Let o(q) = 28*q - 21. Let i(l) = -5*h(l) + o(l). What is i(0)?
-11
Let i(n) = -2*n**2 + 63*n + 319. Let d be i(36). Let t(w) = 3*w - 16. Determine t(d).
-31
Let k(m) = -911*m + 4 + m**3 + 26*m**2 - 7*m**2 - 4*m**2 + 17*m**2 + 942*m. What is k(-31)?
4
Let v be (-27)/15*(-190)/57. Let a(p) = -p**2 + 12*p - 26. Calculate a(v).
10
Let s(p) = -5*p + 5. Suppose -9*i + 10*i = 3. Suppose 20 = i*h - u + 6, -h = 4*u + 4. Determine s(h).
-15
Let r(y) be the first derivative of 3 - y + 17/2*y**2. Calculate r(1).
16
Let h(a) = a**3 + 7*a**2 + 14*a + 12. Suppose 16 = -51*n + 47*n. What is h(n)?
4
Let h(w) = -4 + 3 - 2 - 